t are the prime factors of k?
2, 5, 7
Let c = -20 - -38. Let x = 18 - c. Suppose x = 5*m + 3*b - 127, -b = m - 8 - 17. What are the prime factors of m?
2, 13
Let w = 9335 + 6238. What are the prime factors of 2/7 + w/203?
7, 11
Suppose -3*k - 15 = 0, 3*o - k - 6 - 5 = 0. Suppose -3*w + 2*p + o*p + 655 = 0, 5*p - 25 = 0. What are the prime factors of w?
3, 5
Let m(g) = 3*g**3 - 23*g**2 + 34*g + 29. What are the prime factors of m(14)?
4229
Let k = -44 - -94. Let w = 149 - k. What are the prime factors of w?
3, 11
Let b be -5 + (-27)/((-6)/2). Suppose t = b*r - 599, 3*r - 428 = 2*t + 3*t. List the prime factors of r.
151
List the prime factors of 3 - 2844/(3 + -9).
3, 53
Let r = -1145 - -1133. Suppose -w = y - 3, 5*w + 15 = 4*y + y. Let x = w - r. List the prime factors of x.
2, 3
Let b(o) = -28*o + 253. What are the prime factors of b(0)?
11, 23
Suppose k = l - 911, 3*k - 1660 - 182 = -2*l. What are the prime factors of l?
3, 5, 61
Suppose 4*b - 74 = 2*b. Let c = b - -40. List the prime factors of c.
7, 11
Suppose -1 = -4*l + f - 6*f, -5*l + 11 = 3*f. Suppose 10 + 2 = -l*o, -3*v - 4*o + 69 = 0. List the prime factors of v.
3
Suppose -4*k + 391 = 7. Suppose 6*d - 348 - k = 0. What are the prime factors of d?
2, 37
Suppose -2*x + 10 - 4 = 0. Let g(i) = 0*i**2 + 3*i - i**x + 7*i**2 + 7 - 15*i + 2*i**2. What are the prime factors of g(6)?
43
Suppose 0 = -k - 398 - 178. Let a be k/27*(-54)/8. Suppose 0 = -2*n - t + 109, a = 2*n + n - 5*t. What are the prime factors of n?
53
Let l be 10/(3 - (0 + 2)). Suppose l + 4 = 2*v. Suppose -v*i + 6*i + 3 = 0. List the prime factors of i.
3
Let q(d) = d**3 + 5*d**2 + 4*d + 1. Let a be q(-4). Suppose -2*h + 3*j + 17 = 0, a = 3*h + 2*j - 5. Suppose 124 = -h*k + 424. List the prime factors of k.
3, 5
Let d(m) = m**3 + 6*m**2 - 34*m + 11. List the prime factors of d(-9).
2, 37
Suppose -h = -2, 2*h = 2*m - 3*h + 106. Let i = m - -100. Suppose -i = 4*u - 8*u. What are the prime factors of u?
13
Let o = -18 - -45. What are the prime factors of o?
3
Let b be (-3)/5 - 2/((-50)/2265). Suppose 12*o = 1626 - b. What are the prime factors of o?
2
Suppose -4*m + 956 = 5*b, 4*m + 736 = -b + 5*b. What are the prime factors of b?
2, 47
Suppose 12049 = 7*b - 11275. What are the prime factors of b?
2, 7, 17
Let d(m) = -m**3 + 38*m**2 + 75*m - 5. What are the prime factors of d(39)?
1399
Suppose -12*h + 3467 = -7393. List the prime factors of h.
5, 181
Suppose -t = -2*o - 3, 9 = -0*t + 3*t - 3*o. Suppose -5*z + 5*d = 3*d - 282, -t*d = -12. What are the prime factors of z?
2, 29
Let p(r) = r**2 - 12*r + 30. Let y = 104 + -115. List the prime factors of p(y).
283
Let j = -1181 - -1661. List the prime factors of j.
2, 3, 5
Let c = 3 + -22. Let z = 77 + c. List the prime factors of z.
2, 29
Suppose -3*x + 77 = 47. What are the prime factors of 64*36/30*x/3?
2
Suppose 2*f + 297 = 5*h, -118 = h - 3*h + f. Let o = h - 51. What are the prime factors of o?
2, 5
Suppose -2*b = 2*m - 324, 2*b - 2*m = m + 339. Let w = b - 78. Suppose 5*g = -5*t + 200, -2*g + t = 16 - w. List the prime factors of g.
37
Let z(j) = -j + 13. Let k be z(11). Suppose 0 = -k*c - c - t + 179, 0 = -3*c - 4*t + 185. Let p = -28 + c. List the prime factors of p.
31
Let a(o) = 2*o + 13. Suppose -2*s + 0*s + 26 = 0. What are the prime factors of a(s)?
3, 13
Let b = -8 + -2. Let u = b - -9. List the prime factors of ((-34)/6 - u)*-3.
2, 7
List the prime factors of (-9)/48*-4 - (-4521)/4.
3, 13, 29
Let p(c) = 2*c**2 - 22*c + 76. Let m be p(9). Suppose -3*f + 38 = -5*f. Let r = f + m. List the prime factors of r.
3, 7
Let c = 75 - 74. What are the prime factors of (2737/(-17))/(c/(-2))?
2, 7, 23
Let u = 3343 + -1697. List the prime factors of u.
2, 823
Let c = 46 - 46. Let g = 7 + c. List the prime factors of g.
7
Suppose -2*z + 0*z = -8. Suppose z*r + 3*i - 5 = 0, -2*r = r - 5*i - 40. What are the prime factors of r?
5
Let d be 1/((-14)/(-6) - 2). Suppose 0 = -j + 5*a + 26, d*j - 17 = -a + 45. What are the prime factors of j?
3, 7
Suppose 3*f - 78 = -0*f. Suppose 3*y = 2*x + 6*y + 30, f = -2*x - 4*y. What are the prime factors of x*28/(-12) - 3?
2, 23
Let k(j) = 1 - 3 - 5*j + 6. What are the prime factors of k(-4)?
2, 3
Let f be (-18)/(-12)*(-2)/(-3). Let p be ((-1)/1)/(f/(-2)). Suppose -75 = -p*w + 5*r, -2*r + 3 = -3. List the prime factors of w.
3, 5
Let j(o) = 13*o**3 - 2*o**2 - 5*o. Let z be j(4). Suppose 2*d + 5*s = 416, 3*d = -d + 3*s + z. Suppose 8 - d = -5*g. List the prime factors of g.
2, 19
Let d(z) = 9*z - 31. Let u(c) = -c + 1. Let t(s) = -d(s) - 2*u(s). What are the prime factors of t(-8)?
5, 17
Let w(j) = 2*j - 15. Let k be w(10). Suppose 0 = -3*b + 5*b - 282. Suppose 3*i - 6*c = -2*c + b, k*i - 221 = 2*c. What are the prime factors of i?
43
Let l(x) = 26*x - 244. What are the prime factors of l(16)?
2, 43
Let v be (3 - 4)*-6 - 0. Suppose 2*g - 50 + v = 0. What are the prime factors of g?
2, 11
Suppose -2067 = -4*y + 1857. List the prime factors of y.
3, 109
Let i be (6/(-8))/((-2)/8). What are the prime factors of (-60)/(-4 - 1) + i?
3, 5
Suppose -15*s + 3961 + 3989 = 0. List the prime factors of s.
2, 5, 53
Suppose 21*u + 158 = 641. List the prime factors of u.
23
Let p(d) = 19*d + 71 - 25 + 2*d**2 - 3*d**2. List the prime factors of p(16).
2, 47
Let o(j) = -3*j**3 + 21*j**2 - 44*j - 41. Let r(g) = 4*g**3 - 32*g**2 + 66*g + 62. Let t(x) = 7*o(x) + 5*r(x). What are the prime factors of t(-15)?
11, 13
Let q(a) = -224*a + 3 + 230*a - 3. What are the prime factors of q(6)?
2, 3
Let x = 373 - -1002. List the prime factors of x.
5, 11
Let i be (-4)/(-10) - 2816/40. Let u = -6 - i. Suppose 14 = 3*z - u. What are the prime factors of z?
2, 13
What are the prime factors of (-4)/(16/470)*(-4)/5?
2, 47
Suppose 2*k + 23 = 5*h, 5*k + h = 6*h - 65. Let q = k + 39. List the prime factors of q.
5
Suppose -4*c + 8 = 0, 2*q = 7*q + 3*c - 36. Suppose -q*h + 150 = -h. What are the prime factors of h?
2, 3, 5
Let x be -1*(2 + -5) + -1 + 2. Let j(t) = -t**3 - t**2 + t - 2. Let z be j(-2). Suppose 4*l = x*m - 156, 9 = m + 5*l - z*l. List the prime factors of m.
2, 17
Let h = 162 - 264. List the prime factors of (h - 0)/(-1) - (32 - 32).
2, 3, 17
Suppose 4*r = -5*i + 163, 3*r + 2*r = -15. Suppose 3*w = 125 - 23. Suppose -3*b + w = -i. List the prime factors of b.
23
Suppose 4*i = -4*z + 1144, 5*i = 2*z - 0*z - 572. What are the prime factors of z?
2, 11, 13
Let h be (-159)/(-1) + -4*(-6)/8. Suppose -3*q + 4*c + 118 = 0, -c + 1 = -1. Suppose 0 = 4*m - h + q. List the prime factors of m.
2, 3, 5
Let s(d) = d + 8. Suppose 7*f - 3*f = -2*c, 2*c = 5*f - 18. Let a be f - 10*(-2)/(-4). List the prime factors of s(a).
5
Suppose 281*v = 282*v - 1827. What are the prime factors of v?
3, 7, 29
Let j(s) = -s**3 + 11*s**2 - 4*s + 26. List the prime factors of j(9).
2, 19
Let i = 22 - 19. Let a(j) = 76*j - 11. What are the prime factors of a(i)?
7, 31
Suppose 3*j - 3282 = 3*x, 14*j - 12*j = -x + 2197. List the prime factors of j.
1097
Suppose 0*t - t - 9 = v, 0 = 4*v - t + 61. Let h = 24 + v. Suppose 5*y = -i - h, -2*y + 4*y = -10. What are the prime factors of i?
3, 5
Suppose k = 4*k - 54. Let u = k - 49. Let m = 57 + u. List the prime factors of m.
2, 13
List the prime factors of 40521/21 - 105/(-245).
2, 5, 193
Let z be 8/(-4)*23/2. Let p = z + 29. What are the prime factors of p?
2, 3
Suppose 2*i + 2*i - 12 = 0. Let j be -2*(46/(-4) - i). List the prime factors of (4 - 5)*-1*j.
29
Let b(r) = 2*r**2 - r**3 + 0*r - 5*r + 5 - r - 9*r**2. What are the prime factors of b(-7)?
47
Let b = 410 - 352. What are the prime factors of b?
2, 29
Suppose j + 2376 = 2*y, 3*y - 6*y - j = -3564. What are the prime factors of y?
2, 3, 11
Let y(d) = -5*d + 4. Suppose 3*l = -4*l - 21. List the prime factors of y(l).
19
Suppose -5*i + g + 520 = 0, 13*i - 100 = 12*i + g. Suppose 7*l = 12*l + 2*r - i, 0 = -4*r. What are the prime factors of l?
3, 7
Let o(r) be the third derivative of r**5/10 + 5*r**4/24 + 5*r**3/6 - 5*r**2. Let j be o(-2). Suppose u = -0*u + j. List the prime factors of u.
19
Let p(g) = -44*g + 787. List the prime factors of p(0).
787
What are the prime factors of 64304/40 - 12/20?
1607
Suppose -2*t = 3*t - 125. Let h = t - 5. Let z = h - -7. List the prime factors of z.
3
Suppose -5*k + 3 + 1